
-124
Let b(l) = l**3 - 23*l**2 + 15*l + 91. Calculate b(22).
-63
Let g(p) = p**3 - 5*p**2 + 9*p - 2. Calculate g(4).
18
Let g(o) = -3*o**3 + 110*o**2 + 196*o - 5883. Calculate g(37).
0
Let z(n) = -n**3 - 21*n**2 - 95*n - 53. Determine z(-16).
187
Let z(r) = 329*r - 1045. Determine z(3).
-58
Let j(v) = -7854*v + 7858. Determine j(1).
4
Let k(d) = -79*d**3 + 2*d**2 + d - 8. Calculate k(2).
-630
Let k(m) = -m**2 - 40*m + 82. What is k(-33)?
313
Let p(i) = -480*i + 7692. Determine p(16).
12
Let z(r) = -9*r**2 + 5*r - 7. What is z(1)?
-11
Let v(p) = -38*p**3 - 13*p**2 + 14*p. Determine v(1).
-37
Let t(u) = 5*u**2 - 78*u - 148. Calculate t(18).
68
Let q(v) = 3*v**2 + 10*v + 6. Calculate q(-3).
3
Let j(f) = 770*f + 2303. Give j(-3).
-7
Let l(j) = 1244*j + 9954. Give l(-8).
2
Let p(f) = -100*f - 13014. Determine p(-130).
-14
Let v(w) = 9*w + 140. What is v(-10)?
50
Let n(z) = -2*z**3 - 187*z**2 - 90*z + 251. Calculate n(-93).
-28
Let l(a) = a**3 - 43*a**2 + 330*a + 3. Determine l(10).
3
Let o(z) = 1015*z - 5077. Calculate o(5).
-2
Let o(p) = 5*p**3 - 22*p**2 - p - 7. Calculate o(5).
63
Let v(m) = -6*m**3 + 533*m**2 + 627*m + 265. What is v(90)?
-5
Let f(q) = -2*q**3 + q**2 - 62*q + 131. Calculate f(2).
-5
Let j(i) = -70*i + 563. Give j(8).
3
Let x(v) = 3*v**2 - 10*v - 222. Determine x(11).
31
Let b(a) = 98*a - 329. Give b(3).
-35
Let g(k) = k**2 + 84*k + 1152. What is g(-17)?
13
Let v(u) = -38460*u + 153846. Determine v(4).
6
Let s(t) = 13*t + 410. Determine s(-28).
46
Let d(p) = 3*p + 21. Calculate d(-2).
15
Let t(g) = -1300*g - 49406. Calculate t(-38).
-6
Let g(r) = 468*r - 1060. Determine g(2).
-124
Let b(f) = f**3 - 17*f**2 + 27*f - 42. What is b(17)?
417
Let f(t) = -2*t**3 + 13*t**2 - 2*t - 27. Calculate f(6).
-3
Let v(y) = -6*y**3 - 32*y**2 - 14*y - 15. Determine v(-5).
5
Let s(b) = -b**2 - 219*b + 4275. Give s(18).
9
Let o(z) = -265*z + 1592. Determine o(6).
2
Let j(w) = 2*w**3 + 208*w**2 - 199*w + 1153. Calculate j(-105).
-2
Let x(l) = -l**3 + 3*l**2 + 10*l + 15. What is x(-3)?
39
Let g(d) = 2*d**3 + 78*d**2 + 76*d + 35. Give g(-38).
35
Let j(u) = -u**3 + 16*u**2 + 6*u - 42. Determine j(16).
54
Let f(h) = h**2 - 32*h + 210. Give f(20).
-30
Let w(b) = -2*b**3 - 15*b**2 - 5*b + 14. Give w(-7).
0
Let b(l) = -4*l**2 - 58*l + 203. Calculate b(3).
-7
Let b(o) = -502*o - 34630. Determine b(-69).
8
Let g(t) = 9*t**2 - 48*t + 24. Calculate g(6).
60
Let z(i) = -2*i**2 + 181*i - 1922. Calculate z(78).
28
Let y(n) = 255*n - 856. What is y(4)?
164
Let y(q) = -52*q + 19. What is y(4)?
-189
Let n(g) = g**3 + 8*g**2 - g + 4. Determine n(-8).
12
Let g(z) = 17*z**2 + 205*z - 12. What is g(-12)?
-24
Let x(a) = -a**2 - 81*a + 1775. Determine x(-99).
-7
Let q(h) = -h**3 - 116*h**2 + 5*h + 574. Give q(-116).
-6
Let r(v) = 248*v**3 + v**2 - 24*v + 24. Give r(1).
249
Let u(p) = 3*p**3 + 27*p**2 - 4*p + 18. Give u(-9).
54
Let d(t) = t + 61. Give d(0).
61
Let g(p) = 5*p**3 + 337*p**2 - 207*p - 54. Determine g(-68).
150
Let x(q) = -25*q**3 - 6*q - 6. Give x(-1).
25
Let h(g) = g**2 - 102*g - 354. Give h(107).
181
Let n(c) = -3*c**3 + 390*c**2 - 3*c + 372. Determine n(130).
-18
Let g(x) = -7*x**3 + 31*x**2 - 56*x - 15. What is g(2)?
-59
Let j(b) = 275*b + 19. Determine j(-1).
-256
Let x(r) = -2004*r - 12025. Give x(-6).
-1
Let m(i) = -76*i**2 + 2358*i + 8. Give m(31).
70
Let f(d) = 4*d**2 - 61*d + 76. Give f(13).
-41
Let h(z) = -2*z**3 + 12*z**2 + 36*z - 14. Give h(-3).
40
Let r(o) = -48*o + 6873. Give r(143).
9
Let u(x) = -x**2 + 2821*x - 36512. What is u(13)?
-8
Let d(t) = 2*t**3 + 34*t**2 + 122*t - 37. Give d(-11).
73
Let q(n) = -n**2 - 6*n + 57. What is q(-15)?
-78
Let w(p) = 13*p**3 - 4*p**2 + 6*p - 10. What is w(2)?
90
Let x(h) = -29*h**3 - 3*h**2 - 5*h - 5. Give x(-2).
225
Let j(g) = -5*g**3 + 212*g**2 + 131*g - 63. Calculate j(43).
23
Let z(y) = -69*y + 2447. Determine z(35).
32
Let h(k) = -519*k**2 - 10377*k + 58. Calculate h(-20).
-2
Let d(b) = b**3 - 3*b**2 + 20*b - 54. Give d(3).
6
Let g(z) = z**2 + 242*z - 1490. What is g(6)?
-2
Let r(x) = 4*x**2 - 1027*x + 793. Determine r(256).
25
Let a(h) = -h**3 + 9*h**2 + 11*h - 149. What is a(8)?
3
Let s(z) = 7*z**3 + 283*z**2 + 118*z - 73. Give s(-40).
7
Let c(l) = -438*l - 8773. Give c(-20).
-13
Let p(q) = -q**3 + 65*q**2 - 187*q. Give p(3).
-3
Let v(w) = 1071*w - 16074. Determine v(15).
-9
Let t(x) = -3*x**3 - 15*x**2 - 23*x - 11. Give t(-3).
4
Let y(r) = -r**3 + 50*r**2 - 2*r + 105. Calculate y(50).
5
Let x(t) = 5*t**3 + 2*t + 8. Calculate x(-5).
-627
Let b(i) = -9*i**3 - 3*i**2 - 8*i - 10. Calculate b(-3).
230
Let q(k) = k**2 + 390*k - 10823. Give q(26).
-7
Let h(n) = 43*n + 19. Determine h(-2).
-67
Let o(b) = -b**2 - 21*b - 21. Give o(-17).
47
Let k(g) = -4*g**2 + 80*g + 164. What is k(22)?
-12
Let k(d) = d**2 + 29*d + 65. Give k(-3).
-13
Let r(k) = 21*k**2 + 557*k - 81. Determine r(-27).
189
Let v(i) = -2074*i - 58071. What is v(-28)?
1
Let w(g) = -g**2 + 54*g + 759. Determine w(67).
-112
Let y(d) = 17*d**2 + 578*d + 2856. Determine y(-6).
0
Let i(j) = j**2 + 109*j + 896. What is i(-100)?
-4
Let r(a) = 72*a + 719. Determine r(-14).
-289
Let p(h) = h**2 - 32*h - 78. Determine p(34).
-10
Let z(d) = -d**3 - 32*d**2 + 60*d + 949. Calculate z(-33).
58
Let r(l) = 56*l - 1732. What is r(31)?
4
Let y(r) = r**2 + 584*r + 6313. What is y(-11)?
10
Let y(n) = -245*n + 3020. Determine y(14).
-410
Let b(h) = 128*h - 7320. Determine b(57).
-24
Let q(f) = -4*f**3 + 33*f**2 - 4*f - 33. Calculate q(8).
-1
Let z(j) = j**2 + 185*j + 7776. Give z(-120).
-24
Let q(n) = 87*n - 313. Calculate q(4).
35
Let t(h) = -2*h**3 - 5*h**2 + 13*h - 50. Determine t(5).
-360
Let r(i) = i**3 + 26*i**2 - 60*i - 113. Determine r(-28).
-1
Let n(v) = -119*v + 479. Determine n(4).
3
Let o(z) = -3*z**2 + 215*z - 368. Calculate o(70).
-18
Let s(p) = -51*p + 420. What is s(11)?
-141
Let n(k) = -880*k - 85359. Give n(-97).
1
Let a(p) = p**3 + 22*p**2 - 20*p - 13. Determine a(-23).
-82
Let q(i) = -9*i + 193. Give q(20).
13
Let t(z) = -2*z**3 + 53*z**2 + 376*z - 84. Calculate t(-6).
0
Let f(q) = -6*q**2 - 74*q + 53. Give f(-13).
1
Let a(o) = 6*o**2 + 11*o + 21. Calculate a(-3).
42
Let d(x) = -19*x + 144. Determine d(6).
30
Let c(b) = -b**3 + 10*b**2 + 88*b - 784. What is c(12)?
-16
Let p(h) = 100*h + 831. Give p(-8).
31
Let g(u) = -3*u - 36. Calculate g(-5).
-21
Let w(h) = h**3 - 13*h**2 - 25*h - 17. What is w(15)?
58
Let h(g) = -5641*g + 174874. Calculate h(31).
3
Let t(l) = -5*l**2 + 269*l + 326. Give t(55).
-4
Let a(s) = -193*s - 13708. What is a(-71)?
-5
Let k(y) = -29*y + 2615. Determine k(87).
92
Let z(d) = 11*d**2 - 93*d - 214. Calculate z(-2).
16
Let d(y) = -2010*y + 48247. What is d(24)?
7
Let h(a) = -2*a**2 - a + 2393. Calculate h(-35).
-22
Let l(b) = -b**3 + 71*b**2 - 70*b + 30. Determine l(70).
30
Let m(i) = 2*i**3 + 10*i**2 - 9*i + 63. What is m(-6)?
45
Let t(a) = 72*a + 16. Calculate t(-1).
-56
Let g(x) = 5*x - 195. Give g(26).
-65
Let u(t) = -5*t**2 + 113*t - 68. What is u(22)?
-2
Let l(u) = 82*u - 322. Determine l(9).
416
Let r(a) = 3140*a + 194683. Determine r(-62).
3
Let g(i) = -3*i**3 - 32*i**2 - 133. Give g(-11).
-12
Let g(d) = -3*d**3 - 64*d**2 - 141*d - 3. Determine g(-19).
149
Let t(g) = 399*g + 1201. Determine t(-3).
4
Let a(u) = -u**3 - u**2 + 3*u + 92. Determine a(0).
92
Let u(l) = -129*l + 1118. Calculate u(9).
-43
Let u(l) = l**3 - 10*l**2 + 4*l - 47. Determine u(10).
-7
Let s(x) = -8799*x + 43998. Give s(5).
3
Let c(l) = 6*l**3 - 3*l**2 - 12*l + 15. What is c(3)?
114
Let o(y) = y**3 + 32*y**2 + 44*y + 415. Give o(-31).
12
Let l(n) = 2*n**3 - 570*n**2 - 552*n - 5741. Give l(286).
-21
Let o(q) = -3*q**2 - 8*q + 807. Give o(15).
12
Let y(l) = -l**2 + 24*l - 58. Give y(9).
77
Let s(a) = -36*a - 641. Calculate s(-18).
7
Let x(o) = o**2 + 8*o + 429. Calculate x(0).
429
Let d(m) = m**3 - 87*m**2 + 263*m - 981. Determine d(84).
-57
Let v(b) = -b**3 - 9*b**2 - 31*b - 75. What is v(-7)?
44
Let t(v) = 10*v**2 - 686*v + 1071. Give t(67).
-1
Let a(d) = -4*d**3 + 8*d**2 + 350*d - 703. What is a(2)?
-3
Let m(i) = 6*i + 224. Calculate m(-38).
-4
Let k(b) = 93*b**2 + 7*b - 12. What is k(1)?
88
Let l(o) = o**2 + 43*o - 59. Calculate l(-34).
-365
Let m(v) = 3814*v + 30493. Determine m(-8).
-19
Let k(i) = -i**2 + 596*i + 4213. What is k(-7)?
-8
L